5*x**2 - 5*x - 2. Suppose -5*q + 11 = -19. Let r be a(q). Give v(r).
-3
Let y(j) = j + 8. Suppose -7*v = -9*v - 12. Give y(v).
2
Let w(z) be the second derivative of 3*z + 0 - 1/6*z**4 + 0*z**2 + 1/2*z**3. What is w(3)?
-9
Suppose 3*b + 18 = -2*d, -3*d + 7 = -4*b - 0*b. Let f(n) = -n**3 - 3*n**2 - 4. Determine f(b).
12
Let p = -5 + 7. Let s(c) = -p*c - c + 0 - c - 2. Determine s(-3).
10
Suppose 5*i + 22 = 4*n, 2*n - 2 = -i + 2. Let l(t) = t**2 - 3*t + 3. Determine l(n).
3
Let l(a) = -a**3 + 4*a**2 + 2*a - 4. Let t(q) = q - 10. Let m be t(14). What is l(m)?
4
Let c(k) = k**3 + 4*k**2 - 4*k - 1. Let g(q) = -q**2 - 7*q - 6. Let t be g(-6). Let p = 5 + t. Suppose -4*f - a - 3*a - 16 = 0, p*f + 29 = 4*a. Determine c(f).
-6
Suppose -5*j + 9 = -2*j. Let f be (-2 - (-10)/15)*-3. Let p(y) = 2 + 5*y - 9 + f + 0. What is p(j)?
12
Let b(u) = 5 - 6 + 0*u - u + 2*u. What is b(-3)?
-4
Let h(b) = 14 + 0*b - 14 + 2*b. Let y = -6 - -3. Calculate h(y).
-6
Suppose 3*a - 8*a + 20 = 0, 5*a = 2*x + 8. Let k(f) = -1 + 0*f**2 + 3 + x*f + f**2. Let q be (2/5)/((-1)/10). Determine k(q).
-6
Let h = 4 - 3. Let o be (4 - 1)/h*-1. Let p(l) = -4*l**3 + 7*l**2 - 5*l - 1. Let a(v) = -v**3 + v**2 - v - 1. Let x(c) = -5*a(c) + p(c). Determine x(o).
-5
Let v(s) be the first derivative of -7 + 2*s**3 - 7/2*s**2 + 5*s + 1/4*s**4. Determine v(-7).
5
Let p = 0 + 0. Let i(g) = -g - 7. Calculate i(p).
-7
Let p be 1/((-2)/(-4) - 1). Let v be (-14)/(-5) - 4/(-20). Let a(z) = -2 + 2*z**2 + 3*z**2 - z - v*z**3 - 4*z**2 + 4*z**3. Determine a(p).
-4
Let c(f) be the first derivative of -5*f**2/2 - 11. What is c(1)?
-5
Suppose 3 - 21 = 3*z. Let p(l) = -9 + 6*l**2 - 4*l**3 + 3 + 5*l**3 - l. Calculate p(z).
0
Let t(a) = a**2 + a - 5. Let v(c) = -2*c - 10. Let u be v(-7). Suppose j - 1 = -u. Let b = j - -3. What is t(b)?
-5
Suppose -5*m + 4*v = -7, -8*v + 3*v + 10 = 0. Let h(a) be the second derivative of 1/2*a**2 + 1/6*a**3 + 0 - m*a. Give h(-1).
0
Let l(n) = -n**2 - n - 11. Let m(j) = j**2 + j + 12. Let y(c) = -7*l(c) - 6*m(c). What is y(0)?
5
Suppose -l = 5*i - 29, 3*l = l - 3*i + 23. Let r(u) be the second derivative of u**5/20 - 5*u**4/12 + u**3/3 - 3*u**2/2 + 2*u. Determine r(l).
-11
Let f(g) = -g**2 + 2*g + 3. Let p(r) = -3*r - 68. Let q be p(-24). Determine f(q).
-5
Let u = 11 - 3. Let t(o) = -u + 2*o + 3 + o - 4. Determine t(6).
9
Let q(n) = -n**3 + 2*n**2 + n + 2. Let o = 10 - 7. Calculate q(o).
-4
Let f(i) be the third derivative of -i**4/24 - i**3/2 - 27*i**2. Give f(7).
-10
Let g(q) be the first derivative of 5*q**4/4 - q**3/3 - q**2 - q - 2. Let m = -90 + 89. Calculate g(m).
-5
Let i(g) = -4*g - 4. Suppose 5*b + 8 = -7. What is i(b)?
8
Let f(b) be the first derivative of -b**3/3 + 6. Determine f(3).
-9
Suppose -4*t = 8 - 0. Let h be ((-1)/t)/(4/16). Let y(f) = -f**3 + 2*f**2 + 2*f - 3. Calculate y(h).
1
Suppose -2*o - 3*g = 8 + 1, 0 = 4*o - 4*g - 12. Let m(a) = -2 + 5*a + o*a - 8*a + 2*a. Determine m(3).
-5
Suppose 0 = -3*r - 0*r + 24. Let x(t) = -t**3 + 0 + 2*t**3 + 7*t - 4 - r*t**2 + 2*t**2. Give x(5).
6
Let t = 2 - 5. Let i = 9 + -7. Let v(y) = 3 - 1 - i*y**2 - 5*y - 5. Determine v(t).
-6
Let k(z) be the first derivative of -z**5/60 - 7*z**4/24 - 5*z**3/6 + z**2 - 2. Let v(f) be the second derivative of k(f). Give v(-5).
5
Let d be 2/(-4)*3*2. Suppose -2*g = 2*g - 8. Let q(c) = -4 + 3*c**g + 3 + 4*c + 0*c - 2*c**2. Give q(d).
-4
Let g = -13 + 23. Let l = g - 6. Let d(n) = n. Determine d(l).
4
Let d = 83 + -81. Let b(t) = 2*t + 6*t - 3 - 3*t. Give b(d).
7
Let r(d) = d + 0*d - d**2 + 5*d**3 - 2*d. Let f(z) = z + 4. Suppose -4*i - 11 = 9. Let s be f(i). Determine r(s).
-5
Let q(w) be the first derivative of -w**6/360 - w**5/30 - w**4/12 + w**3 - 1. Let d(g) be the third derivative of q(g). What is d(-4)?
-2
Let u be (44/(-12) + 3)*6. Let y(o) = -o**2 - 3*o + 3. Determine y(u).
-1
Let j(z) be the first derivative of -z**4/4 - z**3/3 + 7*z - 3. Determine j(0).
7
Let j(x) be the first derivative of 0*x - 1/6*x**3 - 1/6*x**4 - 1/60*x**5 - 2*x**2 - 4. Let r(v) be the second derivative of j(v). Calculate r(-3).
2
Let n be 1/2*(-5 + 3). Let t(g) = -2*g**3 - 1. Calculate t(n).
1
Let r(a) be the third derivative of a**6/360 - a**5/60 + 5*a**4/24 + 3*a**2. Let h(v) be the second derivative of r(v). Give h(2).
2
Let i(j) = j + 3. Let x(g) = -g**3 - 3*g**2 - 6*g - 3. Suppose -5*m - 2 = -q + 4, 0 = 5*m - 4*q - 6. Let l be x(m). What is i(l)?
8
Let f(c) = -14 + 2*c + 28 - 13. Calculate f(-1).
-1
Let q(d) = -d + 3. Suppose -17 = 4*j - h, 2*j + 7 = -2*j - h. Calculate q(j).
6
Suppose -2*p + 2*z = -0 - 4, 0 = -3*p + z + 10. Let n(s) = -s**3 + 4*s**2 - 3*s + 4. Give n(p).
-8
Let z(s) = s**3 + 3*s**2 + 5*s - 2. Let n(v) = -3*v**3 - 6*v**2 - 11*v + 5. Let w(h) = -2*n(h) - 5*z(h). Suppose 16 = 9*y - 5*y. Determine w(y).
4
Let c be 16/56 + (-5)/42. Let p(b) be the second derivative of -2*b + c*b**3 + 0 - 1/2*b**2. Calculate p(1).
0
Let u(q) = q**2 - 2*q - 1. Let f be u(2). Let r be 5 + 0 + -2 + 0. Let h(i) = 3 - 1 - 4 + r + 13*i. What is h(f)?
-12
Let v(b) be the third derivative of -b**5/30 - b**4/24 - b**3/6 - 13*b**2 + 2. Let g = -1 - 3. Let r = g + 3. Determine v(r).
-2
Let p(f) = -f**2 - f + 3. Let m(r) = 2*r - 3. Let z(s) = -2*m(s) - 3*p(s). What is z(3)?
21
Let b(m) be the first derivative of 5*m**2/2 - 2*m + 1. Let r = 190 + -192. Give b(r).
-12
Let o(z) = z**3 + 5*z**2 - 2. Suppose -2*a + 7 = 5*y, 0*a - 3*a = y - 17. Suppose 2 - a = -2*s. Suppose -s*w = 2 + 8. Give o(w).
-2
Suppose -4*z + 13 = -7. Let c(m) = -m**3 + 5*m**2 + 2*m - 6. What is c(z)?
4
Let o be (3/6*4)/2. Let u be (o - 0)*(-1 - 0). Let z(j) = 0*j + 1 - 3*j - 4*j. Determine z(u).
8
Let w = -2 - -4. Let s be (5 + w + -5)*-2. Let a(q) = -q**3 - 5*q**2 - 3*q - 2. Determine a(s).
-6
Let m(y) = y**2 - y. Suppose 18 = 12*p - 6*p. Calculate m(p).
6
Let z(w) = w**2 + 5*w - 3. Let p be (20/(-8))/((-3)/(-6)). Give z(p).
-3
Let c(f) = 0*f**3 + 2*f**2 - 1 - 2*f**3 + 0. Let q be c(-1). Let d(x) = 4*x - 2*x + 2 - q. Calculate d(-4).
-9
Let r(c) = 7*c**2 + 1. Suppose -2 = -2*a - 4. Determine r(a).
8
Suppose 4*y + 5*x + 50 = -y, -30 = 5*y + x. Suppose 3*l - 15 = -0*l. Let f(r) = 3*r - l*r + 2*r + r. Give f(y).
-5
Let f(j) = j**3 + 4*j**2 + j - 4. Suppose 9 = 3*u - 0*u. Suppose u*b - 13 + 31 = -5*d, b = -5*d - 16. Calculate f(d).
2
Let u(v) = -v**2 - 5*v. Suppose -2*i + 5*x - 8 - 1 = 0, 2*i = x + 11. Let t be 1 - i/6*3. Let b be u(t). Let c(d) = -d**2 + 5*d. Calculate c(b).
-6
Let y be (-2)/2 - (2 - -3). Let l(s) = 1315*s**2 - 1310*s**2 + s**3 + 2 - 6*s - 2 + 1. Calculate l(y).
1
Let b(q) = -q**2 - 8*q + 3. Let i(v) = -2*v**2 - 9*v + 3. Let s(w) = -3*b(w) + 2*i(w). Calculate s(3).
6
Let d(y) = 2*y**2 - 3*y + 2. Let m(k) = k - 5. Let p(i) = -i**2 + 8*i. Let v be p(7). Let r be m(v). Calculate d(r).
4
Let i be (33/22)/((-6)/(-20)). Let w(j) be the third derivative of 0 + 0*j - 1/6*j**4 - 1/6*j**3 + 1/30*j**i + j**2. What is w(3)?
5
Let j(s) be the third derivative of s**4/24 - 2*s**3 + 2*s**2. Let o = -18 + 24. Give j(o).
-6
Let k(o) = -2*o**2 + 14*o - 6*o + 2 - 8*o. Calculate k(-3).
-16
Let s = -21 + 15. Let k(f) = 14*f**2 - 5*f. Let q(h) = h**2 - h. Let x(l) = s*q(l) + k(l). Calculate x(-1).
7
Let z = -7 - -2. Let x(h) = 2*h**2 + 13*h - 14. Let a(o) = -6*o**2 - 38*o + 40. Let q(s) = 6*a(s) + 17*x(s). Determine q(z).
-13
Let p be 5/(-10)*(0 - 6). Suppose 0 = 4*c - p*j + 7 + 16, 0 = -5*c - 4*j - 21. Let f(q) be the first derivative of -q**3/3 - 3*q**2 - 5*q - 1. Give f(c).
0
Let j(y) = -y**2 - 10*y - 3. Let s be j(-9). Let h = s + -4. Let t(x) = 2*x + 2. Give t(h).
6
Let b be 1 - 6/2 - -5. Let z(f) be the first derivative of -f - 4 - 2*f + 2 - 1 + 2*f**2. Determine z(b).
9
Let q(w) be the first derivative of w**6/20 + w**5/60 + w**4/24 + w**3/6 - 3*w**2 + 6. Let z(r) be the second derivative of q(r). Calculate z(-1).
-5
Let p(b) = b**2 + 2*b - 1. Let v be p(1). Let i(t) = -2*t**3 + 3 + t - t**3 + t + 2*t**3 - 2*t**v. Give i(-2).
-1
Let l(i) = -6*i + 2. Let s(k) = -2*k + 3 - 7*k + 2*k. Let g(r) = 6*l(r) - 5*s(r). Give g(-6).
3
Let x(v) = v**3 - v**2 - 3*v - 3. Let p = 82 - 84. Determine x(p).
-9
Let w(f) = f**2 + 4*f - 4. Let x(v) = v**2 - 5*v - 7. Let t be x(6). Let q be (-11 - t)*1/2. Determine w(q).
1
Let t(o) = -9*o - 5 - 1 + o**2 + 15. Determ